{"id":5,"date":"2020-01-13T11:17:52","date_gmt":"2020-01-13T11:17:52","guid":{"rendered":"https:\/\/demosites.io\/marketing-agency-gb\/?page_id=5"},"modified":"2024-09-02T06:35:34","modified_gmt":"2024-09-02T06:35:34","slug":"bcd31-home","status":"publish","type":"page","link":"https:\/\/www.osponka.cz\/","title":{"rendered":"O n\u00e1s"},"content":{"rendered":"\t\t<div data-elementor-type=\"wp-page\" data-elementor-id=\"5\" class=\"elementor elementor-5\">\n\t\t\t\t<div class=\"elementor-element elementor-element-ffaebc8 e-flex e-con-boxed e-con e-parent\" data-id=\"ffaebc8\" data-element_type=\"container\">\n\t\t\t\t\t<div class=\"e-con-inner\">\n\t\t\t\t<div class=\"elementor-element elementor-element-67147c4 elementor-widget__width-initial elementor-widget elementor-widget-text-editor\" data-id=\"67147c4\" data-element_type=\"widget\" data-widget_type=\"text-editor.default\">\n\t\t\t\t<div class=\"elementor-widget-container\">\n\t\t\t<style>\/*! elementor - v3.23.0 - 05-08-2024 *\/\n.elementor-widget-text-editor.elementor-drop-cap-view-stacked .elementor-drop-cap{background-color:#69727d;color:#fff}.elementor-widget-text-editor.elementor-drop-cap-view-framed .elementor-drop-cap{color:#69727d;border:3px solid;background-color:transparent}.elementor-widget-text-editor:not(.elementor-drop-cap-view-default) .elementor-drop-cap{margin-top:8px}.elementor-widget-text-editor:not(.elementor-drop-cap-view-default) .elementor-drop-cap-letter{width:1em;height:1em}.elementor-widget-text-editor .elementor-drop-cap{float:left;text-align:center;line-height:1;font-size:50px}.elementor-widget-text-editor .elementor-drop-cap-letter{display:inline-block}<\/style>\t\t\t\t<div>\n<p>\u00a0<\/p>\n<p class=\"Textbody\">OSponka, z.s. je nest\u00e1tn\u00ed neziskov\u00e1 organizace, kter\u00e1 byla zalo\u017eena v roce 2017 s c\u00edlem poskytovat podporu a pomoc d\u011btem i dosp\u011bl\u00fdm, kte\u0159\u00ed hledaj\u00ed \u0159e\u0161en\u00ed sv\u00fdch probl\u00e9m\u016f nebo tou\u017e\u00ed po zm\u011bn\u011b ve sv\u00e9m \u017eivot\u011b. Zam\u011b\u0159ujeme se na du\u0161evn\u00ed pohodu a osobnostn\u00ed rozvoj prost\u0159ednictv\u00edm z\u00e1\u017eitkov\u00fdch program\u016f a p\u0159\u00edstup\u016f.<\/p>\n<\/div>\t\t\t\t\t\t<\/div>\n\t\t\t\t<\/div>\n\t\t<div class=\"elementor-element elementor-element-fe4b111 e-con-full e-flex e-con e-child\" data-id=\"fe4b111\" data-element_type=\"container\">\n\t\t\t\t<\/div>\n\t\t\t\t<div class=\"elementor-element elementor-element-b7c41e9 elementor-widget__width-initial elementor-widget elementor-widget-image\" data-id=\"b7c41e9\" data-element_type=\"widget\" data-widget_type=\"image.default\">\n\t\t\t\t<div class=\"elementor-widget-container\">\n\t\t\t<style>\/*! elementor - v3.23.0 - 05-08-2024 *\/\n.elementor-widget-image{text-align:center}.elementor-widget-image a{display:inline-block}.elementor-widget-image a img[src$=\".svg\"]{width:48px}.elementor-widget-image img{vertical-align:middle;display:inline-block}<\/style>\t\t\t\t\t\t\t\t\t\t<img fetchpriority=\"high\" decoding=\"async\" width=\"300\" height=\"300\" src=\"https:\/\/www.osponka.cz\/wp-content\/uploads\/2024\/09\/Marceline-3-300x300.png\" class=\"attachment-medium size-medium wp-image-960\" alt=\"\" srcset=\"https:\/\/www.osponka.cz\/wp-content\/uploads\/2024\/09\/Marceline-3-300x300.png 300w, https:\/\/www.osponka.cz\/wp-content\/uploads\/2024\/09\/Marceline-3-150x150.png 150w, https:\/\/www.osponka.cz\/wp-content\/uploads\/2024\/09\/Marceline-3.png 500w\" sizes=\"(max-width: 300px) 100vw, 300px\" \/>\t\t\t\t\t\t\t\t\t\t\t\t\t<\/div>\n\t\t\t\t<\/div>\n\t\t\t\t\t<\/div>\n\t\t\t\t<\/div>\n\t\t<div class=\"elementor-element elementor-element-99c629d e-flex e-con-boxed e-con e-parent\" data-id=\"99c629d\" data-element_type=\"container\">\n\t\t\t\t\t<div class=\"e-con-inner\">\n\t\t\t\t<div class=\"elementor-element elementor-element-36de809 elementor-widget elementor-widget-text-editor\" data-id=\"36de809\" data-element_type=\"widget\" data-widget_type=\"text-editor.default\">\n\t\t\t\t<div class=\"elementor-widget-container\">\n\t\t\t\t\t\t\t<p style=\"font-weight: 400;\"><b>Na\u0161e c\u00edlov\u00e9 skupiny<\/b><\/p>\n<p style=\"font-weight: 400;\">Na\u0161\u00ed prioritou jsou nejen d\u011bti a jejich rodiny z marginalizovan\u00fdch skupin, v\u010detn\u011b romsk\u00fdch komunit a d\u011bt\u00ed a student\u016f ze soci\u00e1ln\u011b znev\u00fdhodn\u011bn\u00e9ho prost\u0159ed\u00ed. Sna\u017e\u00edme se poskytovat pomoc t\u011bm, kte\u0159\u00ed ji nejv\u00edce pot\u0159ebuj\u00ed a podporovat je v jejich osobn\u00edm rozvoji.<\/p>\n<p style=\"font-weight: 400;\"><b>Na\u0161e programy<\/b><\/p>\n<p style=\"font-weight: 400;\">Pro d\u011bti, rodi\u010de, pedagogick\u00e9 pracovn\u00edky a \u0161irokou ve\u0159ejnost nab\u00edz\u00edme \u0161irok\u00e9 spektrum program\u016f, kter\u00e9 zahrnuj\u00ed:<\/p>\n<ul>\n<li><b>Prim\u00e1rn\u00ed a selektivn\u00ed prevence:<\/b> Programy zam\u011b\u0159en\u00e9 na prevenci a podporu du\u0161evn\u00edho zdrav\u00ed a osobnostn\u00edho rozvoje.<\/li>\n<li><b>Hled\u00e1n\u00ed individu\u00e1ln\u00edch \u0159e\u0161en\u00ed:<\/b> Pomoc p\u0159i hled\u00e1n\u00ed p\u0159izp\u016fsoben\u00fdch \u0159e\u0161en\u00ed pro konkr\u00e9tn\u00ed probl\u00e9my a v\u00fdzvy, kter\u00e9 klienti za\u017e\u00edvaj\u00ed.<\/li>\n<li><b>Terapeutick\u00e1 a poradensk\u00e1 pr\u00e1ce:<\/b> Poskytujeme profesion\u00e1ln\u00ed terapeutick\u00e9 a poradensk\u00e9 slu\u017eby zam\u011b\u0159en\u00e9 na du\u0161evn\u00ed pohodu a osobn\u00ed r\u016fst.<\/li>\n<li><b>Edukace odborn\u00e9 ve\u0159ejnosti:<\/b> Organizujeme \u0161kolen\u00ed a workshopy pro odborn\u00edky, aby l\u00e9pe porozum\u011bli aktu\u00e1ln\u00edm pot\u0159eb\u00e1m d\u011bt\u00ed a mladistv\u00fdch.<\/li>\n<li><b>Tematick\u00e9 programy a praktick\u00e1 doporu\u010den\u00ed:<\/b> Nab\u00edz\u00edme programy a doporu\u010den\u00ed pro lep\u0161\u00ed pochopen\u00ed a p\u0159ibl\u00ed\u017een\u00ed se k dne\u0161n\u00edm d\u011btem a jejich pot\u0159eb\u00e1m.<\/li>\n<\/ul>\n<p style=\"font-weight: 400;\"><b>Na\u0161e vize<\/b><\/p>\n<p style=\"font-weight: 400;\">V\u011b\u0159\u00edme, \u017ee ka\u017ed\u00fd m\u00e1 pr\u00e1vo na \u0161\u0165astn\u00fd a napln\u011bn\u00fd \u017eivot. Jsme tady pro ty, kter\u00fdm m\u016f\u017eeme uk\u00e1zat, \u017ee: \u201eNa konci ka\u017ed\u00e9 cesty za\u010d\u00edn\u00e1 dal\u0161\u00ed.\u201c &#8211; Pavel Kosorin. Na\u0161\u00ed snahou je b\u00fdt pr\u016fvodcem na cest\u011b za osobn\u00edmi a profesn\u00edmi c\u00edli na\u0161ich klient\u016f a pom\u00e1hat jim p\u0159ekon\u00e1vat p\u0159ek\u00e1\u017eky, kter\u00e9 jim stoj\u00ed v cest\u011b.<\/p>\n<p style=\"font-weight: 400;\"><b>Kontaktujte n\u00e1s<\/b><\/p>\n<p style=\"font-weight: 400;\">Pokud m\u00e1te z\u00e1jem o na\u0161e programy nebo slu\u017eby, nev\u00e1hejte n\u00e1s kontaktovat. Jsme tu pro v\u00e1s a r\u00e1di v\u00e1m pom\u016f\u017eeme naj\u00edt cestu k lep\u0161\u00edmu \u017eivotu.<\/p>\t\t\t\t\t\t<\/div>\n\t\t\t\t<\/div>\n\t\t\t\t\t<\/div>\n\t\t\t\t<\/div>\n\t\t<div class=\"elementor-element elementor-element-d48f782 e-flex e-con-boxed e-con e-parent\" data-id=\"d48f782\" data-element_type=\"container\">\n\t\t\t\t\t<div class=\"e-con-inner\">\n\t\t<div class=\"elementor-element elementor-element-87863d7 e-con-full e-flex e-con e-child\" data-id=\"87863d7\" data-element_type=\"container\">\n\t\t\t\t<\/div>\n\t\t<div class=\"elementor-element elementor-element-cf01228 e-con-full e-flex e-con e-child\" data-id=\"cf01228\" data-element_type=\"container\">\n\t\t\t\t<\/div>\n\t\t<div class=\"elementor-element elementor-element-8f76795 e-con-full e-flex e-con e-child\" data-id=\"8f76795\" data-element_type=\"container\">\n\t\t\t\t<\/div>\n\t\t\t\t\t<\/div>\n\t\t\t\t<\/div>\n\t\t\t\t<\/div>\n\t\t","protected":false},"excerpt":{"rendered":"<p>\u00a0 OSponka, z.s. je nest\u00e1tn\u00ed neziskov\u00e1 organizace, kter\u00e1 byla zalo\u017eena v roce 2017 s c\u00edlem poskytovat podporu a pomoc d\u011btem i dosp\u011bl\u00fdm, kte\u0159\u00ed hledaj\u00ed \u0159e\u0161en\u00ed sv\u00fdch probl\u00e9m\u016f nebo tou\u017e\u00ed po zm\u011bn\u011b ve sv\u00e9m \u017eivot\u011b. Zam\u011b\u0159ujeme se na du\u0161evn\u00ed pohodu a osobnostn\u00ed rozvoj prost\u0159ednictv\u00edm z\u00e1\u017eitkov\u00fdch program\u016f a p\u0159\u00edstup\u016f. Na\u0161e c\u00edlov\u00e9 skupiny Na\u0161\u00ed prioritou jsou nejen d\u011bti&#8230;<\/p>\n","protected":false},"author":2,"featured_media":0,"parent":0,"menu_order":0,"comment_status":"closed","ping_status":"closed","template":"","meta":{"_themeisle_gutenberg_block_has_review":false,"_ti_tpc_template_sync":false,"_ti_tpc_template_id":"5udqur826ojgsxrmsxsc","footnotes":""},"class_list":["post-5","page","type-page","status-publish","hentry"],"_links":{"self":[{"href":"https:\/\/www.osponka.cz\/index.php?rest_route=\/wp\/v2\/pages\/5","targetHints":{"allow":["GET"]}}],"collection":[{"href":"https:\/\/www.osponka.cz\/index.php?rest_route=\/wp\/v2\/pages"}],"about":[{"href":"https:\/\/www.osponka.cz\/index.php?rest_route=\/wp\/v2\/types\/page"}],"author":[{"embeddable":true,"href":"https:\/\/www.osponka.cz\/index.php?rest_route=\/wp\/v2\/users\/2"}],"replies":[{"embeddable":true,"href":"https:\/\/www.osponka.cz\/index.php?rest_route=%2Fwp%2Fv2%2Fcomments&post=5"}],"version-history":[{"count":12,"href":"https:\/\/www.osponka.cz\/index.php?rest_route=\/wp\/v2\/pages\/5\/revisions"}],"predecessor-version":[{"id":1039,"href":"https:\/\/www.osponka.cz\/index.php?rest_route=\/wp\/v2\/pages\/5\/revisions\/1039"}],"wp:attachment":[{"href":"https:\/\/www.osponka.cz\/index.php?rest_route=%2Fwp%2Fv2%2Fmedia&parent=5"}],"curies":[{"name":"wp","href":"https:\/\/api.w.org\/{rel}","templated":true}]}}

O nás

<div data-elementor-type="wp-page" data-elementor-id="5" class="elementor elementor-5">
				<div class="elementor-element elementor-element-ffaebc8 e-flex e-con-boxed e-con e-parent" data-id="ffaebc8" data-element_type="container">
					<div class="e-con-inner">
				<div class="elementor-element elementor-element-67147c4 elementor-widget__width-initial elementor-widget elementor-widget-text-editor" data-id="67147c4" data-element_type="widget" data-widget_type="text-editor.default">
				<div class="elementor-widget-container">
			<style>/*! elementor - v3.23.0 - 05-08-2024 */
.elementor-widget-text-editor.elementor-drop-cap-view-stacked .elementor-drop-cap{background-color:#69727d;color:#fff}.elementor-widget-text-editor.elementor-drop-cap-view-framed .elementor-drop-cap{color:#69727d;border:3px solid;background-color:transparent}.elementor-widget-text-editor:not(.elementor-drop-cap-view-default) .elementor-drop-cap{margin-top:8px}.elementor-widget-text-editor:not(.elementor-drop-cap-view-default) .elementor-drop-cap-letter{width:1em;height:1em}.elementor-widget-text-editor .elementor-drop-cap{float:left;text-align:center;line-height:1;font-size:50px}.elementor-widget-text-editor .elementor-drop-cap-letter{display:inline-block}</style>				<div>
<p> </p>
<p class="Textbody">OSponka, z.s. je nestátní nezisková organizace, která byla založena v roce 2017 s cílem poskytovat podporu a pomoc dětem i dospělým, kteří hledají řešení svých problémů nebo touží po změně ve svém životě. Zaměřujeme se na duševní pohodu a osobnostní rozvoj prostřednictvím zážitkových programů a přístupů.</p>
</div>						</div>
				</div>
		<div class="elementor-element elementor-element-fe4b111 e-con-full e-flex e-con e-child" data-id="fe4b111" data-element_type="container">
				</div>
				<div class="elementor-element elementor-element-b7c41e9 elementor-widget__width-initial elementor-widget elementor-widget-image" data-id="b7c41e9" data-element_type="widget" data-widget_type="image.default">
				<div class="elementor-widget-container">
			<style>/*! elementor - v3.23.0 - 05-08-2024 */
.elementor-widget-image{text-align:center}.elementor-widget-image a{display:inline-block}.elementor-widget-image a img[src$=".svg"]{width:48px}.elementor-widget-image img{vertical-align:middle;display:inline-block}</style>										<img fetchpriority="high" decoding="async" width="300" height="300" src="https://www.osponka.cz/wp-content/uploads/2024/09/Marceline-3-300x300.png" class="attachment-medium size-medium wp-image-960" alt="" srcset="https://www.osponka.cz/wp-content/uploads/2024/09/Marceline-3-300x300.png 300w, https://www.osponka.cz/wp-content/uploads/2024/09/Marceline-3-150x150.png 150w, https://www.osponka.cz/wp-content/uploads/2024/09/Marceline-3.png 500w" sizes="(max-width: 300px) 100vw, 300px" />													</div>
				</div>
					</div>
				</div>
		<div class="elementor-element elementor-element-99c629d e-flex e-con-boxed e-con e-parent" data-id="99c629d" data-element_type="container">
					<div class="e-con-inner">
				<div class="elementor-element elementor-element-36de809 elementor-widget elementor-widget-text-editor" data-id="36de809" data-element_type="widget" data-widget_type="text-editor.default">
				<div class="elementor-widget-container">
							<p style="font-weight: 400;"><b>Naše cílové skupiny</b></p>
<p style="font-weight: 400;">Naší prioritou jsou nejen děti a jejich rodiny z marginalizovaných skupin, včetně romských komunit a dětí a studentů ze sociálně znevýhodněného prostředí. Snažíme se poskytovat pomoc těm, kteří ji nejvíce potřebují a podporovat je v jejich osobním rozvoji.</p>
<p style="font-weight: 400;"><b>Naše programy</b></p>
<p style="font-weight: 400;">Pro děti, rodiče, pedagogické pracovníky a širokou veřejnost nabízíme široké spektrum programů, které zahrnují:</p>
<ul>
<li><b>Primární a selektivní prevence:</b> Programy zaměřené na prevenci a podporu duševního zdraví a osobnostního rozvoje.</li>
<li><b>Hledání individuálních řešení:</b> Pomoc při hledání přizpůsobených řešení pro konkrétní problémy a výzvy, které klienti zažívají.</li>
<li><b>Terapeutická a poradenská práce:</b> Poskytujeme profesionální terapeutické a poradenské služby zaměřené na duševní pohodu a osobní růst.</li>
<li><b>Edukace odborné veřejnosti:</b> Organizujeme školení a workshopy pro odborníky, aby lépe porozuměli aktuálním potřebám dětí a mladistvých.</li>
<li><b>Tematické programy a praktická doporučení:</b> Nabízíme programy a doporučení pro lepší pochopení a přiblížení se k dnešním dětem a jejich potřebám.</li>
</ul>
<p style="font-weight: 400;"><b>Naše vize</b></p>
<p style="font-weight: 400;">Věříme, že každý má právo na šťastný a naplněný život. Jsme tady pro ty, kterým můžeme ukázat, že: „Na konci každé cesty začíná další.“ &#8211; Pavel Kosorin. Naší snahou je být průvodcem na cestě za osobními a profesními cíli našich klientů a pomáhat jim překonávat překážky, které jim stojí v cestě.</p>
<p style="font-weight: 400;"><b>Kontaktujte nás</b></p>
<p style="font-weight: 400;">Pokud máte zájem o naše programy nebo služby, neváhejte nás kontaktovat. Jsme tu pro vás a rádi vám pomůžeme najít cestu k lepšímu životu.</p>						</div>
				</div>
					</div>
				</div>
		<div class="elementor-element elementor-element-d48f782 e-flex e-con-boxed e-con e-parent" data-id="d48f782" data-element_type="container">
					<div class="e-con-inner">
		<div class="elementor-element elementor-element-87863d7 e-con-full e-flex e-con e-child" data-id="87863d7" data-element_type="container">
				</div>
		<div class="elementor-element elementor-element-cf01228 e-con-full e-flex e-con e-child" data-id="cf01228" data-element_type="container">
				</div>
		<div class="elementor-element elementor-element-8f76795 e-con-full e-flex e-con e-child" data-id="8f76795" data-element_type="container">
				</div>
					</div>
				</div>
				</div>

<p>  OSponka, z.s. je nestátní nezisková organizace, která byla založena v roce 2017 s cílem poskytovat podporu a pomoc dětem i dospělým, kteří hledají řešení svých problémů nebo touží po změně ve svém životě. Zaměřujeme se na duševní pohodu a osobnostní rozvoj prostřednictvím zážitkových programů a přístupů. Naše cílové skupiny Naší prioritou jsou nejen děti&#8230;</p>
