{"id":1066,"date":"2024-09-09T20:24:55","date_gmt":"2024-09-09T20:24:55","guid":{"rendered":"https:\/\/www.osponka.cz\/?page_id=1066"},"modified":"2024-09-09T20:29:18","modified_gmt":"2024-09-09T20:29:18","slug":"reference","status":"publish","type":"page","link":"https:\/\/www.osponka.cz\/?page_id=1066","title":{"rendered":"Reference"},"content":{"rendered":"\t\t<div data-elementor-type=\"wp-page\" data-elementor-id=\"1066\" class=\"elementor elementor-1066\">\n\t\t\t\t<div class=\"elementor-element elementor-element-2a9c251 e-flex e-con-boxed e-con e-parent\" data-id=\"2a9c251\" data-element_type=\"container\">\n\t\t\t\t\t<div class=\"e-con-inner\">\n\t\t\t\t<div class=\"elementor-element elementor-element-adcfe30 elementor-widget elementor-widget-text-editor\" data-id=\"adcfe30\" data-element_type=\"widget\" data-widget_type=\"text-editor.default\">\n\t\t\t\t<div class=\"elementor-widget-container\">\n\t\t\t<style>\/*! elementor - v3.23.0 - 05-08-2024 *\/\n.elementor-widget-text-editor.elementor-drop-cap-view-stacked .elementor-drop-cap{background-color:#69727d;color:#fff}.elementor-widget-text-editor.elementor-drop-cap-view-framed .elementor-drop-cap{color:#69727d;border:3px solid;background-color:transparent}.elementor-widget-text-editor:not(.elementor-drop-cap-view-default) .elementor-drop-cap{margin-top:8px}.elementor-widget-text-editor:not(.elementor-drop-cap-view-default) .elementor-drop-cap-letter{width:1em;height:1em}.elementor-widget-text-editor .elementor-drop-cap{float:left;text-align:center;line-height:1;font-size:50px}.elementor-widget-text-editor .elementor-drop-cap-letter{display:inline-block}<\/style>\t\t\t\t<p><em>Na\u0161e \u0161kola vzd\u011bl\u00e1v\u00e1 \u017e\u00e1ky s\u00a0ment\u00e1ln\u00edm posti\u017een\u00edm a pan\u00ed Hladi\u0161ov\u00e1 p\u016fsob\u00ed jako extern\u00ed spolupracovn\u00edk na na\u0161\u00ed \u0161kole ji\u017e v\u00edce ne\u017e rok. Pracuje se \u017e\u00e1ky s\u00a0lehk\u00fdm i st\u0159edn\u011b t\u011b\u017ek\u00fdm ment\u00e1ln\u00edm posti\u017een\u00edm a dok\u00e1\u017ee se pru\u017en\u011b p\u0159izp\u016fsobit jejich pot\u0159eb\u00e1m a mo\u017enostem, co\u017e velmi oce\u0148ujeme, proto\u017ee tato dovednost opravdu nen\u00ed vlastn\u00ed ka\u017ed\u00e9mu lektorovi.<\/em><\/p><p><em>\u00a0Vyu\u017e\u00edv\u00e1me jej\u00edch slu\u017eeb pro krizovou intervenci ve t\u0159\u00edd\u00e1ch a jako podporu p\u0159i pr\u00e1ci s\u00a0klimatem t\u0159\u00eddy. Spolupracujeme tak\u00e9 na realizaci program\u016f prevence negativn\u00edch jev\u016f. Do t\u0159\u00edd vstupuje opakovan\u011b a velmi rychle diagnostikuje skupinu.<\/em><\/p><p><em>Jej\u00ed pr\u00e1ce je postavena na pos\u00edlen\u00ed siln\u00fdch str\u00e1nek jednotlivc\u016f a vyu\u017eit\u00ed st\u00e1vaj\u00edc\u00edch mo\u017enost\u00ed \u017e\u00e1k\u016f i vyu\u010duj\u00edc\u00edch. Nestav\u00ed \u017e\u00e1dn\u00e9 vzdu\u0161n\u00e9 z\u00e1mky, stav\u00ed na re\u00e1ln\u00fdch mo\u017enostech \u017e\u00e1k\u016f. V\u017edy vyslechne t\u0159\u00eddn\u00edho u\u010ditele, p\u0159\u00edpadn\u011b dal\u0161\u00ed vyu\u010duj\u00edc\u00ed, sezn\u00e1m\u00ed se se situac\u00ed a potom ve t\u0159\u00edd\u011b \u00fa\u010dinn\u011b pracuje se siln\u00fdmi str\u00e1nkami jednotlivc\u016f tak, aby pos\u00edlila jejich sebev\u011bdom\u00ed a pomohla jim nal\u00e9zt to spr\u00e1vn\u00e9 m\u00edsto v\u00a0kolektivu t\u0159\u00eddy. N\u00e1sledn\u011b pak interaktivn\u00edm a z\u00e1\u017eitkov\u00fdm zp\u016fsobem umo\u017e\u0148uje \u017e\u00e1k\u016fm, aby v\u00a0r\u00e1mci kolektivu budovali bezpe\u010dn\u00e9 prost\u0159ed\u00ed a dok\u00e1zali \u010delit pot\u00ed\u017e\u00edm.<\/em><\/p><p><em>P\u0159i pr\u00e1ci v\u00fdborn\u011b p\u0159ech\u00e1z\u00ed z\u00a0p\u0159\u00e1telsk\u00e9 komunikace s \u017e\u00e1ky do profesion\u00e1ln\u00ed a odborn\u00e9 roviny p\u0159i jedn\u00e1n\u00ed s\u00a0vyu\u010duj\u00edc\u00edmi. Pr\u00e1ce pan\u00ed Hladi\u0161ov\u00e9 je pro \u017e\u00e1ky \u010diteln\u00e1, nab\u00edz\u00ed bezpe\u010d\u00ed a \u010das v\u011bnovan\u00fd pr\u00e1ci se t\u0159\u00eddou je bezezbytku vyu\u017eit.<\/em><\/p><p><em>Vyu\u017eili jsme slu\u017eeb pan\u00ed Hladi\u0161ov\u00e9 tak\u00e9 p\u0159i realizaci \u0161koly v\u00a0p\u0159\u00edrod\u011b, kde vedla seberozvojov\u00fd program pro skupinu 20 \u017e\u00e1k\u016f s\u00a0mimo\u0159\u00e1dnou odezvou u \u017e\u00e1k\u016f i vyu\u010duj\u00edc\u00edch.<\/em><\/p><p><strong>Z\u00e1kladn\u00ed \u0161kola, Ostrava-Z\u00e1b\u0159eh, Kpt. Vajdy 1a, p\u0159\u00edsp\u011bvkov\u00e1 organizace<\/strong><\/p><p><strong>Mgr.\u00a0<em>Helena \u0158\u00edhov\u00e1<\/em> \u2013 v\u00fdchovn\u00fd poradce, 2024<\/strong><\/p><p>\u00a0<\/p><p><em>Spolupr\u00e1ce s pan\u00ed Kamilou Hladi\u0161ovou je pro m\u011b, coby metodika prevence SPJ, dlouholet\u00e1, co\u017e odpov\u00edd\u00e1 jej\u00edmu skv\u011bl\u00e9mu, empatick\u00e9mu, odborn\u00e9mu poradenstv\u00ed, kter\u00e9 mn\u011b i student\u016fm na\u0161\u00ed \u0161koly a m\u00fdm koleg\u016fm poskytuje u\u017e v\u00edce ne\u017e 4 roky. Neziskovou organizaci OSponka, z.s. m\u016f\u017eu jen doporu\u010dit, proto\u017ee jsem si jist\u00e1, \u017ee kvalita nab\u00edzen\u00fdch slu\u017eeb je zaru\u010dena. Na\u0161e spolupr\u00e1ce i po t\u011bch letech neust\u00e1le pokra\u010duje a funguje v\u00fdborn\u011b.\u00a0<\/em><br \/><br \/><strong>St\u0159edn\u00ed vina\u0159sk\u00e1 \u0161kola Valtice, p\u0159\u00edsp\u011bvkov\u00e1 organizace<\/strong><\/p><p><strong>PhDr. Mgr. Petra Mani\u0161ov\u00e1 \u2013 \u0161koln\u00ed metodik prevence rizikov\u00e9ho chov\u00e1n\u00ed, 2024<\/strong><\/p><p>\u00a0<\/p><p><em>S pan\u00ed Kamilou Hladi\u0161ovou jsme ji\u017e rok v t\u011bsn\u00e9m pracovn\u00edm kontaktu. Tato lektorka bezvadn\u011b zvl\u00e1d\u00e1 d\u011bti, um\u00ed je nadchnout pro jakoukoli v\u011bc a m\u00e1 vyt\u0159\u00edben\u00fd profesn\u00ed cit \u0159e\u0161it nenad\u00e1l\u00e9 stavy \u017e\u00e1k\u016f (afekty, smutky, depresivn\u00ed chov\u00e1n\u00ed,&#8230;).\u00a0<\/em><\/p><p><em>Vzhledem k tomu, \u017ee se na\u0161e \u0161kola specializuje na \u017e\u00e1ky s ment\u00e1ln\u00edm i kombinovan\u00fdm posti\u017een\u00edm (PAS, st\u0159edn\u011b t\u011b\u017ek\u00e1 a lehk\u00e1 ment\u00e1ln\u00ed retardace, soci\u00e1ln\u00ed deprivace,&#8230;), je pro n\u00e1s pan\u00ed Hladi\u0161ov\u00e1 velk\u00fdm p\u0159\u00ednosem nejen pro svou flexibilitu, ale i pro perfektn\u00ed p\u0159\u00edstup ke v\u0161em na\u0161im \u017e\u00e1k\u016fm, kte\u0159\u00ed se v\u017edy t\u011b\u0161\u00ed na jej\u00ed n\u00e1v\u0161t\u011bvu u n\u00e1s. Je to prvn\u00ed lektorka za celou \u0159adu let, kter\u00e1 um\u00ed okam\u017eit\u011b nav\u00e1zat pozitivn\u00ed kontakt s d\u011btmi, dok\u00e1\u017ee poradit pedagog\u016fm v p\u0159\u00edpad\u011b jak\u00fdchkoli obt\u00ed\u017e\u00ed a v podstat\u011b jsme ji ji\u017e p\u0159ijali jako nezastupitelnou sou\u010d\u00e1st na\u0161\u00ed \u0161koly. Bravurn\u011b zvl\u00e1d\u00e1 adapta\u010dn\u00ed pobyty, intervence v jednotliv\u00fdch t\u0159\u00edd\u00e1ch i individu\u00e1ln\u00ed terapeutick\u00e9 techniky s jednotliv\u00fdmi \u017e\u00e1ky. Pan\u00ed Kamila je prost\u011b na\u0161e slun\u00ed\u010dko, na jeho\u017e p\u0159\u00edchod se v\u017edy v\u0161ichni t\u011b\u0161\u00edme.&#8220;<\/em><\/p><p><strong>Z\u00e1kladn\u00ed \u0161kola, Ostrava &#8211; Z\u00e1b\u0159eh, Kpt. Vajdy 1a, p\u0159\u00edsp\u011bvkov\u00e1 organizace<\/strong><\/p><p><strong>Mgr. Pavel \u0160oltys, \u0161koln\u00ed metodik prevence rizikov\u00e9ho chov\u00e1n\u00ed, 2024<\/strong><\/p><p>\u00a0<\/p><p><em>S Kamilou Hladi\u0161ovou jsem se m\u011bla mo\u017enost\u00a0 setkat v organizaci v Ostrav\u011b, kde vedla mou st\u00e1\u017e, v kurzu krizov\u00e9\u00a0 intervence a n\u00e1sledn\u00e9 spolupr\u00e1ci v r\u00e1mci soc.- preventivn\u00edho programu pro st\u0159edo\u0161kolskou ml\u00e1de\u017e. Klienty si dovede z\u00edskat svou bezprost\u0159ednost\u00ed a schopnost\u00ed lehce nav\u00e1zat soci\u00e1ln\u00ed kontakt, z\u00edskat si d\u016fv\u011bru. Je dob\u0159e metodicky vybavena, vyu\u017e\u00edv\u00e1 sv\u00fdch odborn\u00fdch zku\u0161enost\u00ed. Dovede pru\u017en\u011b reagovat na pot\u0159eby klient\u016f, do sv\u00e9 pr\u00e1ce vhodn\u011b a p\u0159irozen\u011b za\u0159azuje humor.<\/em><\/p><p><strong>Bc. Miriam \u0160napkov\u00e1, zdravotn\u00ed sestra specialistka v pedopsychiatrii, 2024<\/strong><\/p><p>\u00a0<\/p><p><em>Cht\u011bla bych pod\u011bkovat organizac\u00ed Osponka, z.s., za skv\u011blou spolupr\u00e1ci p\u0159i pomoci m\u00e9mu synovi, kter\u00fd m\u011bl probl\u00e9my se zvl\u00e1d\u00e1n\u00edm emoc\u00ed, respektov\u00e1n\u00edm autorit a t\u00edm i probl\u00e9my ve \u0161kole. D\u00edky organizac\u00ed Osponka, z.s., a \u00fa\u017easn\u00e9mu p\u0159\u00edstupu pan\u00ed Kamily Hladi\u0161ov\u00e9 jsme se posunuli o velik\u00fd kus kup\u0159edu. Dnes u\u017e m\u016f\u017eu \u0159\u00edct, \u017ee se v\u0161e obr\u00e1tilo lep\u0161\u00edm sm\u011brem. Moc d\u011bkujeme v\u0161em v organizac\u00ed Osponka, z.s., za to, jak to v\u0161e skv\u011ble zvl\u00e1dli.<\/em><\/p><p><strong>Lenka Kar\u00e1skov\u00e1, 2024<\/strong><\/p><p>\u00a0<\/p><p><em>Pan\u00ed Hladi\u0161ov\u00e1, um\u00ed sv\u00fdm srde\u010dn\u00fdm a laskav\u00fdm p\u0159\u00edstupem pomoci nejen d\u011btem. Dok\u00e1\u017ee \u00fa\u010dinn\u011b komunikovat i s rodinn\u00fdmi p\u0159\u00edslu\u0161n\u00edky, aby p\u0159\u00ed\u010diny byly zm\u00edrn\u011bny a v nejlep\u0161\u00edm p\u0159\u00edpad\u011b odstran\u011bny. Sv\u00fdm profesion\u00e1ln\u00edm a komplexn\u00edm p\u0159\u00edstupem m\u011bn\u00ed \u017eivoty rodin k lep\u0161\u00edmu, \u010d\u00edm\u017e pom\u00e1h\u00e1 p\u0159ekonat nep\u0159\u00edzn\u011b osudu.<\/em><\/p><p><strong>M.A., 2024<\/strong><\/p>\t\t\t\t\t\t<\/div>\n\t\t\t\t<\/div>\n\t\t\t\t\t<\/div>\n\t\t\t\t<\/div>\n\t\t\t\t<\/div>\n\t\t","protected":false},"excerpt":{"rendered":"<p>Na\u0161e \u0161kola vzd\u011bl\u00e1v\u00e1 \u017e\u00e1ky s\u00a0ment\u00e1ln\u00edm posti\u017een\u00edm a pan\u00ed Hladi\u0161ov\u00e1 p\u016fsob\u00ed jako extern\u00ed spolupracovn\u00edk na na\u0161\u00ed \u0161kole ji\u017e v\u00edce ne\u017e rok. Pracuje se \u017e\u00e1ky s\u00a0lehk\u00fdm i st\u0159edn\u011b t\u011b\u017ek\u00fdm ment\u00e1ln\u00edm posti\u017een\u00edm a dok\u00e1\u017ee se pru\u017en\u011b p\u0159izp\u016fsobit jejich pot\u0159eb\u00e1m a mo\u017enostem, co\u017e velmi oce\u0148ujeme, proto\u017ee tato dovednost opravdu nen\u00ed vlastn\u00ed ka\u017ed\u00e9mu lektorovi. \u00a0Vyu\u017e\u00edv\u00e1me jej\u00edch slu\u017eeb pro krizovou intervenci&#8230;<\/p>\n","protected":false},"author":2,"featured_media":0,"parent":0,"menu_order":0,"comment_status":"closed","ping_status":"closed","template":"","meta":{"_themeisle_gutenberg_block_has_review":false,"_ti_tpc_template_sync":false,"_ti_tpc_template_id":"","footnotes":""},"class_list":["post-1066","page","type-page","status-publish","hentry"],"_links":{"self":[{"href":"https:\/\/www.osponka.cz\/index.php?rest_route=\/wp\/v2\/pages\/1066","targetHints":{"allow":["GET"]}}],"collection":[{"href":"https:\/\/www.osponka.cz\/index.php?rest_route=\/wp\/v2\/pages"}],"about":[{"href":"https:\/\/www.osponka.cz\/index.php?rest_route=\/wp\/v2\/types\/page"}],"author":[{"embeddable":true,"href":"https:\/\/www.osponka.cz\/index.php?rest_route=\/wp\/v2\/users\/2"}],"replies":[{"embeddable":true,"href":"https:\/\/www.osponka.cz\/index.php?rest_route=%2Fwp%2Fv2%2Fcomments&post=1066"}],"version-history":[{"count":4,"href":"https:\/\/www.osponka.cz\/index.php?rest_route=\/wp\/v2\/pages\/1066\/revisions"}],"predecessor-version":[{"id":1070,"href":"https:\/\/www.osponka.cz\/index.php?rest_route=\/wp\/v2\/pages\/1066\/revisions\/1070"}],"wp:attachment":[{"href":"https:\/\/www.osponka.cz\/index.php?rest_route=%2Fwp%2Fv2%2Fmedia&parent=1066"}],"curies":[{"name":"wp","href":"https:\/\/api.w.org\/{rel}","templated":true}]}}

<div data-elementor-type="wp-page" data-elementor-id="1066" class="elementor elementor-1066">
				<div class="elementor-element elementor-element-2a9c251 e-flex e-con-boxed e-con e-parent" data-id="2a9c251" data-element_type="container">
					<div class="e-con-inner">
				<div class="elementor-element elementor-element-adcfe30 elementor-widget elementor-widget-text-editor" data-id="adcfe30" data-element_type="widget" data-widget_type="text-editor.default">
				<div class="elementor-widget-container">
			<style>/*! elementor - v3.23.0 - 05-08-2024 */
.elementor-widget-text-editor.elementor-drop-cap-view-stacked .elementor-drop-cap{background-color:#69727d;color:#fff}.elementor-widget-text-editor.elementor-drop-cap-view-framed .elementor-drop-cap{color:#69727d;border:3px solid;background-color:transparent}.elementor-widget-text-editor:not(.elementor-drop-cap-view-default) .elementor-drop-cap{margin-top:8px}.elementor-widget-text-editor:not(.elementor-drop-cap-view-default) .elementor-drop-cap-letter{width:1em;height:1em}.elementor-widget-text-editor .elementor-drop-cap{float:left;text-align:center;line-height:1;font-size:50px}.elementor-widget-text-editor .elementor-drop-cap-letter{display:inline-block}</style>				<p><em>Naše škola vzdělává žáky s mentálním postižením a paní Hladišová působí jako externí spolupracovník na naší škole již více než rok. Pracuje se žáky s lehkým i středně těžkým mentálním postižením a dokáže se pružně přizpůsobit jejich potřebám a možnostem, což velmi oceňujeme, protože tato dovednost opravdu není vlastní každému lektorovi.</em></p><p><em> Využíváme jejích služeb pro krizovou intervenci ve třídách a jako podporu při práci s klimatem třídy. Spolupracujeme také na realizaci programů prevence negativních jevů. Do tříd vstupuje opakovaně a velmi rychle diagnostikuje skupinu.</em></p><p><em>Její práce je postavena na posílení silných stránek jednotlivců a využití stávajících možností žáků i vyučujících. Nestaví žádné vzdušné zámky, staví na reálných možnostech žáků. Vždy vyslechne třídního učitele, případně další vyučující, seznámí se se situací a potom ve třídě účinně pracuje se silnými stránkami jednotlivců tak, aby posílila jejich sebevědomí a pomohla jim nalézt to správné místo v kolektivu třídy. Následně pak interaktivním a zážitkovým způsobem umožňuje žákům, aby v rámci kolektivu budovali bezpečné prostředí a dokázali čelit potížím.</em></p><p><em>Při práci výborně přechází z přátelské komunikace s žáky do profesionální a odborné roviny při jednání s vyučujícími. Práce paní Hladišové je pro žáky čitelná, nabízí bezpečí a čas věnovaný práci se třídou je bezezbytku využit.</em></p><p><em>Využili jsme služeb paní Hladišové také při realizaci školy v přírodě, kde vedla seberozvojový program pro skupinu 20 žáků s mimořádnou odezvou u žáků i vyučujících.</em></p><p><strong>Základní škola, Ostrava-Zábřeh, Kpt. Vajdy 1a, příspěvková organizace</strong></p><p><strong>Mgr. <em>Helena Říhová</em> – výchovný poradce, 2024</strong></p><p> </p><p><em>Spolupráce s paní Kamilou Hladišovou je pro mě, coby metodika prevence SPJ, dlouholetá, což odpovídá jejímu skvělému, empatickému, odbornému poradenství, které mně i studentům naší školy a mým kolegům poskytuje už více než 4 roky. Neziskovou organizaci OSponka, z.s. můžu jen doporučit, protože jsem si jistá, že kvalita nabízených služeb je zaručena. Naše spolupráce i po těch letech neustále pokračuje a funguje výborně. </em><br /><br /><strong>Střední vinařská škola Valtice, příspěvková organizace</strong></p><p><strong>PhDr. Mgr. Petra Manišová – školní metodik prevence rizikového chování, 2024</strong></p><p> </p><p><em>S paní Kamilou Hladišovou jsme již rok v těsném pracovním kontaktu. Tato lektorka bezvadně zvládá děti, umí je nadchnout pro jakoukoli věc a má vytříbený profesní cit řešit nenadálé stavy žáků (afekty, smutky, depresivní chování,&#8230;). </em></p><p><em>Vzhledem k tomu, že se naše škola specializuje na žáky s mentálním i kombinovaným postižením (PAS, středně těžká a lehká mentální retardace, sociální deprivace,&#8230;), je pro nás paní Hladišová velkým přínosem nejen pro svou flexibilitu, ale i pro perfektní přístup ke všem našim žákům, kteří se vždy těší na její návštěvu u nás. Je to první lektorka za celou řadu let, která umí okamžitě navázat pozitivní kontakt s dětmi, dokáže poradit pedagogům v případě jakýchkoli obtíží a v podstatě jsme ji již přijali jako nezastupitelnou součást naší školy. Bravurně zvládá adaptační pobyty, intervence v jednotlivých třídách i individuální terapeutické techniky s jednotlivými žáky. Paní Kamila je prostě naše sluníčko, na jehož příchod se vždy všichni těšíme.&#8220;</em></p><p><strong>Základní škola, Ostrava &#8211; Zábřeh, Kpt. Vajdy 1a, příspěvková organizace</strong></p><p><strong>Mgr. Pavel Šoltys, školní metodik prevence rizikového chování, 2024</strong></p><p> </p><p><em>S Kamilou Hladišovou jsem se měla možnost  setkat v organizaci v Ostravě, kde vedla mou stáž, v kurzu krizové  intervence a následné spolupráci v rámci soc.- preventivního programu pro středoškolskou mládež. Klienty si dovede získat svou bezprostředností a schopností lehce navázat sociální kontakt, získat si důvěru. Je dobře metodicky vybavena, využívá svých odborných zkušeností. Dovede pružně reagovat na potřeby klientů, do své práce vhodně a přirozeně zařazuje humor.</em></p><p><strong>Bc. Miriam Šnapková, zdravotní sestra specialistka v pedopsychiatrii, 2024</strong></p><p> </p><p><em>Chtěla bych poděkovat organizací Osponka, z.s., za skvělou spolupráci při pomoci mému synovi, který měl problémy se zvládáním emocí, respektováním autorit a tím i problémy ve škole. Díky organizací Osponka, z.s., a úžasnému přístupu paní Kamily Hladišové jsme se posunuli o veliký kus kupředu. Dnes už můžu říct, že se vše obrátilo lepším směrem. Moc děkujeme všem v organizací Osponka, z.s., za to, jak to vše skvěle zvládli.</em></p><p><strong>Lenka Karásková, 2024</strong></p><p> </p><p><em>Paní Hladišová, umí svým srdečným a laskavým přístupem pomoci nejen dětem. Dokáže účinně komunikovat i s rodinnými příslušníky, aby příčiny byly zmírněny a v nejlepším případě odstraněny. Svým profesionálním a komplexním přístupem mění životy rodin k lepšímu, čímž pomáhá překonat nepřízně osudu.</em></p><p><strong>M.A., 2024</strong></p>						</div>
				</div>
					</div>
				</div>
				</div>

<p>Naše škola vzdělává žáky s mentálním postižením a paní Hladišová působí jako externí spolupracovník na naší škole již více než rok. Pracuje se žáky s lehkým i středně těžkým mentálním postižením a dokáže se pružně přizpůsobit jejich potřebám a možnostem, což velmi oceňujeme, protože tato dovednost opravdu není vlastní každému lektorovi.  Využíváme jejích služeb pro krizovou intervenci&#8230;</p>
